ite?
False
Is 53250181 composite?
False
Is 32479753 a composite number?
False
Is 172001 composite?
False
Is 887377143 composite?
True
Is 476988353 prime?
True
Is 1666019 a prime number?
True
Is 38187823 a composite number?
True
Is 42058883 composite?
False
Is 11364638 prime?
False
Is 27428143 composite?
True
Is 1254679 prime?
False
Is 918667 a composite number?
True
Is 79752381 prime?
False
Is 3278957 a composite number?
True
Is 527581 a prime number?
True
Is 931691 prime?
True
Is 21795719 prime?
False
Is 8251853 prime?
False
Is 662812531 prime?
True
Is 159266077 composite?
False
Is 30993789 a composite number?
True
Is 191894095 a prime number?
False
Is 413045 a prime number?
False
Is 3657949 a composite number?
False
Is 171863331 a composite number?
True
Is 1538897 composite?
True
Is 417277 a composite number?
True
Is 53626277 composite?
False
Is 31160743 prime?
True
Is 25840999 a composite number?
True
Is 939036381 a composite number?
True
Is 1790003 composite?
True
Is 20222557 a composite number?
False
Is 6594199 a prime number?
False
Is 9170498 prime?
False
Is 35512127 composite?
True
Is 49887561 composite?
True
Is 274373 prime?
False
Is 4202513 a prime number?
False
Is 313886909 prime?
False
Is 847771 prime?
False
Is 27177146 prime?
False
Is 8711071 a composite number?
False
Is 86503 a prime number?
False
Is 42095161 a prime number?
True
Is 91345381 prime?
True
Is 8816053 prime?
True
Is 56508709 a prime number?
True
Is 420551 composite?
False
Is 15796535 a composite number?
True
Is 4564267 prime?
False
Is 33780427 prime?
False
Is 498823 prime?
False
Is 5688071 composite?
False
Is 16124159 composite?
False
Is 41519539 a composite number?
True
Is 1875131 composite?
False
Is 394465891 a composite number?
True
Is 632197 a prime number?
False
Is 11295347 composite?
True
Is 12558151 composite?
False
Is 5860109 composite?
False
Is 5649739 a prime number?
True
Is 10074265 a prime number?
False
Is 622857 a prime number?
False
Is 6194878 prime?
False
Is 17659669 a composite number?
True
Is 2129567 composite?
True
Is 12344993 a composite number?
True
Is 97530269 composite?
False
Is 451876213 composite?
False
Is 66657443 a composite number?
False
Is 4099859 prime?
False
Is 7579417 composite?
False
Is 55034201 prime?
True
Is 62409679 a prime number?
True
Is 397909 prime?
False
Is 31013779 a composite number?
False
Is 311200939 prime?
False
Is 11987039 a prime number?
False
Is 140766657 prime?
False
Is 160015931 prime?
True
Is 7588801 a prime number?
False
Is 191159537 composite?
True
Is 37887761 a prime number?
False
Is 94934663 composite?
False
Is 3377069 a composite number?
False
Is 438959 composite?
True
Is 117888359 a prime number?
True
Is 46528817 a prime number?
True
Is 271799 a composite number?
True
Is 29057909 prime?
True
Is 289481299 prime?
True
Is 205049899 composite?
True
Is 1743373 a composite number?
True
Is 66549271 prime?
False
Is 443658953 prime?
False
Is 159298723 a prime number?
False
Is 1618193 prime?
False
Is 2176742 a prime number?
False
Is 34279957 a composite number?
False
Is 25010501 a prime number?
False
Is 1425107 prime?
False
Is 633461 prime?
True
Is 1100861 prime?
False
Is 33305743 a composite number?
False
Is 302491655 a composite number?
True
Is 6145159 prime?
True
Is 2805149 a composite number?
True
Is 19413983 a composite number?
True
Is 3238813 a composite number?
True
Is 381205661 composite?
False
Is 28282979 a prime number?
True
Is 34467791 composite?
False
Is 34609891 a composite number?
True
Is 57023 a composite number?
True
Is 557261 a composite number?
False
Is 10232141 a prime number?
True
Is 1298891 prime?
False
Is 8840857 a composite number?
False
Is 11270227 composite?
False
Is 6582155 prime?
False
Is 7745921 composite?
True
Is 1864703 composite?
False
Is 505803197 prime?
True
Is 4791679 composite?
True
Is 34311133 a prime number?
True
Is 529391039 a prime number?
True
Is 65380427 a prime number?
False
Is 178237789 a prime number?
False
Is 20771269 composite?
False
Is 80859143 composite?
True
Is 487373 a prime number?
False
Is 124017667 a prime number?
True
Is 25338281 composite?
True
Is 6080537 a prime number?
True
Is 1803389 a prime number?
False
Is 10259251 a composite number?
False
Is 12106271 composite?
False
Is 82278347 a composite number?
True
Is 5088169 a composite number?
False
Is 6367967 composite?
False
Is 11390593 composite?
False
Is 2477389 composite?
True
Is 12196858 prime?
False
Is 4980499 composite?
False
Is 5243417 a prime number?
True
Is 500459 prime?
True
Is 4828961 a prime number?
True
Is 77013361 prime?
False
Is 50333758 a composite number?
True
Is 156053 a composite number?
True
Is 20770606 composite?
True
Is 14949377 composite?
False
Is 32899987 prime?
True
Is 898938011 a composite number?
False
Is 1775269 a prime number?
True
Is 17566177 composite?
True
Is 9493163 a composite number?
True
Is 312673 prime?
True
Is 3433943 a composite number?
False
Is 19954993 prime?
False
Is 2914459 prime?
False
Is 1785143 prime?
True
Is 5673547 prime?
False
Is 33270583 a composite number?
False
Is 31104173 a prime number?
True
Is 1008373 composite?
False
Is 22516523 prime?
True
Is 8236787 a prime number?
False
Is 18688759 prime?
True
Is 320161691 composite?
False
Is 120000103 a prime number?
True
Is 9156847 a prime number?
False
Is 4772653 a prime number?
True
Is 18493355 a prime number?
False
Is 12241051 a prime number?
False
Is 14303774 prime?
False
Is 382422289 composite?
True
Is 9205979 composite?
True
Is 74759017 a prime number?
False
Is 8115937 a prime number?
True
Is 8871641 a composite number?
False
Is 11629361 prime?
False
Is 1841057 prime?
True
Is 1668113 a prime number?
True
Is 255885983 composite?
True
Is 93096001 composite?
True
Is 63365947 a prime number?
True
Is 122397169 prime?
True
Is 7457122 prime?
False
Is 179165381 a composite number?
True
Is 97190761 prime?
False
Is 108376721 composite?
True
Is 15833303 composite?
True
Is 25255039 prime?
False
Is 403757 prime?
True
Is 1320691 a composite number?
True
Is 36815423 a composite number?
True
Is 14231011 composite?
True
Is 344580602 composite?
True
Is 2252489 prime?
True
Is 11920591 composite?
False
Is 406234 prime?
False
Is 7289851 prime?
False
Is 93129501 prime?
False
Is 9795391 a composite number?
False
Is 112229777 a composite number?
True
Is 4769933 a prime number?
False
Is 13007539 a prime number?
True
Is 290129669 prime?
True
Is 6280433 composite?
False
Is 75239519 a composite number?
False
Is 31007663 a composite number?
True
Is 89806813 composite?
False
Is 904656605 composite?
True
Is 2841653231 prime?
True
Is 4936663 composite?
True
Is 288791 a composite number?
True
Is 18437227 a prime number?
True
Is 586591 a composite number?
True
Is 49287419 composite?
True
Is 8044057 prime?
False
Is 131042489 a composite number?
True
Is 44485969 composite?
True
Is 6479269 composite?
False
Is 234664211 composite?
True
Is 138262713 prime?
False
Is 37185719 a composite number?
False
Is 14011259 a composite number?
False
Is 468892661 composite?
False
Is 173670581 composite?
True
Is 17015623 a composite number?
True
Is 104586857 composite?
False
Is 239801693 a composite number?
True
Is 521927 composite?
True
Is 15815419 a composite number?
False
Is 22616963 prime?
False
Is 235909759 a composite number?
False
Is 109476589 composite?
False
Is 100004647 prime?
True
Is 63260011 a prime number?
True
Is 435559 prime?
True
Is 131276569 a prime number?
True
Is 1533127 composite?
False
Is 460895363 composite?
False
Is 3392651 a prime number?
True
Is 661542953 a prime number?
True
Is 5668841 a prime number?
False
Is 1741723 prime?
True
Is 2633291 prime?
True
Is 324818027 a composite number?
True
Is 508433 a composite number?
False
Is 58139509 prime?
False
Is 22744037 a composite number?
False
Is 120282193 a prime number?
True
Is 3184477 composite?
True
Is 28784949 a composite number?
True
Is 20773931 prime?
True
Is 1644287 composite?
False
Is 2073061 composite?
False
Is 1536505 composite?
True
Is 5581987 a composite number?
True
Is 657485 prime?
False
Is 325238302 a prime number?
False
Is 127294073 prime?
True
Is 11355349 composite?
False
Is 27928685 a prime number?
False
Is 894637 prime?
True
Is 297368381 a prime number?
True
Is 16695773 prime?
Tr